 (-180)/(-225) + -1. What is the hundreds digit of 111*((-1628)/(-12))/k?
3
Let f(o) = -2*o**2 + 18*o - 37. Let s be f(4). Suppose n - 3*i - 147 + 12 = 0, -s*n + 4*i + 415 = 0. What is the units digit of n?
1
What is the units digit of 12256244/455 - (-8)/(-10)?
6
Suppose 4459 = 43*u + 11941. What is the units digit of -5*12/150 - u/10?
7
Let q(o) = -69*o + 375. Let v be q(5). What is the hundreds digit of (5 - 10/v)/((-1)/(-252))?
1
Let v(b) = -7*b - 20. Let h be v(13). Let k be (-6651)/99 - (-2)/11. Let w = k - h. What is the tens digit of w?
4
Let x(t) = -4*t**3 - 67*t**2 - 11*t + 16. Let q(h) = -4*h**3 - 66*h**2 - 11*h + 16. Let m(u) = 6*q(u) - 5*x(u). What is the hundreds digit of m(-16)?
9
Suppose 4*h = 4*u + 1808 - 556, u = 3*h - 943. Suppose w = -5*a + 396, -14*a + h = -10*a - w. What is the tens digit of a?
7
Suppose 2*n - n = 27. Let l be 1701/12 + 11/(-176)*28. Let i = l - n. What is the hundreds digit of i?
1
Let k = 21 - 19. Suppose k*i - 5*j - 33 = 0, 2*j = -i - j. Let o(g) = 5*g - 2. What is the units digit of o(i)?
3
Suppose 2*d - 13650 = -4*s, d + 47*s - 6810 = 50*s. What is the tens digit of d?
1
Let o(v) = 8*v**2 - 15*v + 64. Let c(n) = -n**2 + 2*n - 1. Let s(g) = 6*c(g) + o(g). What is the tens digit of s(-12)?
8
What is the hundreds digit of (34*(-1 + -1))/((600/5120)/(-15))?
7
What is the units digit of -12 + 17 + (-1)/((-3)/13857)?
4
Let a(r) = 1308*r**2 - 28*r - 14. What is the ten thousands digit of a(-6)?
4
Suppose -140*z - 52843 = -173*z + 16721. What is the thousands digit of z?
2
Let y(o) = 1109*o**3 + 22*o**2 - 35*o - 6. What is the units digit of y(2)?
4
Let q(v) = 776*v**2 + 41*v - 1. What is the ten thousands digit of q(-5)?
1
What is the thousands digit of (-17076444)/(-528) - (-10)/8?
2
Let i = 8 + -6. Let b(k) = -5*k - 23 - 12*k**2 + 3*k**2 + 10*k**i. What is the units digit of b(-8)?
1
Let h be (-1 - 4)*4/(-10). Let x be (183/(-6))/(h/(-4)). Let a = 108 - x. What is the tens digit of a?
4
Suppose -76 = 6*r - 10*r. Let q(b) = b**3 - 18*b**2 + b - 15. What is the tens digit of q(r)?
6
What is the units digit of 32342 + -455 - (-1 + 3)?
5
Let f = 125 + -246. Suppose -561 = 4*h + 5*y, -2*y + 6*y = -h - 132. Let o = f - h. What is the units digit of o?
3
Let b = -84 + 131. Suppose 3*m = 2*o + 132, -2*o - b - 39 = -2*m. Suppose 0 = -5*k - m + 111. What is the tens digit of k?
1
Suppose -38*z - 94 = -37*z. Let g = z - -195. What is the tens digit of g?
0
Let x = 78 - 56. Suppose x*l + 3249 = 31*l. What is the tens digit of l?
6
Suppose k = 4*i - 28 + 2, 2*i - k - 12 = 0. Suppose -9*x = 128 + 115. Let b = i - x. What is the units digit of b?
4
Let k(c) = -10*c - 9 - 22 + 11 - 23. What is the tens digit of k(-20)?
5
Suppose 2*k - 2*y = 292, k + 4*y = 83 + 38. Let h = k + -36. What is the tens digit of h?
0
Let t be -2*6/4*1. Let v be -1 - t/(-6)*-10. Suppose 5*l = -4*m + 829, -5*m - v*l + 610 = -415. What is the hundreds digit of m?
2
Suppose 18 = f - 2. Let q(g) = f + 2*g**2 + g**2 + 20*g - 14. What is the units digit of q(-9)?
9
Suppose -3*t = -3*n + 45, 5*n + 3*t - 60 = 5*t. What is the tens digit of 1032/30 - 4/n?
3
Let z = 25 - 19. Let g(o) = -1 + 9 - 2*o - 12*o + 5*o**2. What is the hundreds digit of g(z)?
1
Suppose 0 = 30*d - 42445 + 9325. Let g = -464 + d. What is the tens digit of g?
4
What is the thousands digit of (274 + -187)*408/2?
7
Let o = 206 - 205. What is the units digit of ((-42)/(-18) + o + -3)*435?
5
Let t(y) = 108*y + 104. Let f be t(-5). What is the hundreds digit of ((-25)/(-50))/((-1)/f)?
2
Suppose -5*i - 4*m = -48749, 18*i + 19526 = 20*i - 5*m. What is the hundreds digit of i?
7
Let j(h) be the first derivative of 19*h**2/2 + 404*h + 25. What is the hundreds digit of j(0)?
4
Suppose -8*i - 2158 = -21*i. Suppose -12*c + 698 + i = 0. What is the tens digit of c?
7
Let q(x) = 6*x**2 - 7*x + 340. What is the units digit of q(-19)?
9
Let w(f) = f**3 - 4*f**2 - 7*f + 10. Let k be 4/6*12/(-10)*-5. Suppose -x + k*m + 36 = 3*x, 15 = 3*x + 3*m. What is the hundreds digit of w(x)?
1
Let o be ((-1)/2)/1*40/(-4). Suppose j + o*p - 69 = 0, 110 = 5*j + 4*p - 214. What is the tens digit of j?
6
Let t = 82 + -94. Let k(q) = q + 77. What is the units digit of k(t)?
5
Let p = 436 - -5366. What is the hundreds digit of p?
8
Suppose 23*y - 16*y = -u + 43110, -5*u - 4*y + 215550 = 0. What is the units digit of u?
0
Suppose 3*t = 4*t - 5. Let p(l) = -t*l - 2*l**2 + 1 - 7 - 10*l - 1. What is the units digit of p(-6)?
1
Suppose -760*l + 766*l + 5124 = 0. Let u = l - -1308. What is the units digit of u?
4
Suppose 130*y - 134*y = -16. Let x be 3186/y - ((-9)/(-6) + -3). Suppose 53 = 5*r - 5*l - 772, -5*r - 4*l + x = 0. What is the units digit of r?
2
Let s(p) = -77*p - 70*p + 3 + 5 - 13. What is the hundreds digit of s(-2)?
2
Let p(r) = 103*r**3 + 2*r**2 - 247*r + 1199. What is the thousands digit of p(5)?
2
Let m be (-27)/9 + 3 + 0 + 0. Suppose m = -4*x + x + 6. Suppose -3*f + 123 = z, x*z - 206 = f + f. What is the hundreds digit of z?
1
Suppose 0 = -3*v - 12, -2*s - v = s + 19. Let b = s - -140. What is the tens digit of b?
3
Suppose -10 = -2*l, 4*q - l + 6*l = 29. What is the hundreds digit of 275 + (1 - q - 6)?
2
Let u(d) = 75*d + 113*d + 93 - 23*d. What is the tens digit of u(2)?
2
Let p(u) = 4*u + 38. Suppose -2*t + 64 = -0*t - 4*c, -3*c = -3*t + 102. Suppose -y - 6 = -3*h + t, -h = 5*y - 30. What is the tens digit of p(h)?
9
Let k(o) = -17*o**2 - 33. Let h be k(-6). Let x = -377 - h. What is the units digit of x?
8
Let o = 71179 - 50169. What is the hundreds digit of o?
0
Let w = -331 + 334. Suppose -4*m = w*c - 2*m - 196, m = 4*c - 265. What is the tens digit of c?
6
Suppose -18558 = -d - 4*z, 0 = -d + 95*z - 96*z + 18573. What is the tens digit of d?
7
Let f(l) = -l**2 - 6*l - 6. Let c be f(-4). Let y(j) = 6*j + 0*j**c - 12*j + 0 - j**2 + 1. What is the units digit of y(-5)?
6
Let g(s) = -2*s**2 - 15*s - 7. Let m be g(-7). Let f be 1140/(-84) - ((-3)/(-7) + m). What is the units digit of (-2)/f + (-1230)/(-14) + 1?
9
Suppose 20 = -a - 5*c, -2*c + 16 = -3*a - 6*c. Suppose -9*h - 52 - 11 = a. What is the units digit of (-5 - 2)*10/h?
0
Suppose -74 = d + 792. Let l = 622 - d. What is the hundreds digit of l?
4
Let k(a) = -a**3 + 6*a + 1. Let x be k(-4). Let f = x + -41. Suppose f = -4*s + 3*p + 21 + 37, 5*s + p = 63. What is the tens digit of s?
1
Let p(n) = -n**2 - 579*n + 452. What is the units digit of p(-128)?
0
Let l be ((10/(-15))/(1/12))/(-2). Let k(t) = t**3 - 4*t**2 + 5*t - 9. Let w be k(l). What is the tens digit of 647/w + (-22)/(-121)?
5
Let y = -121 - -100. Let t be (-542)/(-7) + 9/y. Let x = 139 - t. What is the tens digit of x?
6
Let o(c) = 4*c - 15. Let z be o(6). Let v(w) = 3*w**2 + 0*w**3 + 8*w**2 + 0*w**2 - 6 - w**3 - 8*w. What is the tens digit of v(z)?
8
Let i(g) = 39*g**3 + 128*g**2 - 1094*g + 6. What is the tens digit of i(9)?
5
Suppose 4*f = 8*f + 5*f. Suppose 1446 = 3*x + 3*i, f = 3*x - 2*x + 4*i - 494. What is the hundreds digit of x?
4
Let w = 8 - 3. Let b be 0/(w - 0)*2/4. Suppose 2*t + 2*t - 5*k - 780 = b, 0 = -3*t - k + 566. What is the units digit of t?
0
Let a(g) = -1453*g - 8053. What is the units digit of a(-9)?
4
Suppose 7578 = 3*x + 3*d, d = -3*x - 3254 + 10830. What is the thousands digit of x?
2
Let n(l) = 87*l + 208. Let f(g) = 29*g + 70. Let s(y) = -7*f(y) + 2*n(y). What is the hundreds digit of s(-22)?
5
Let n = -2238 - -3204. What is the units digit of n?
6
Let m(u) = -18*u**3 - 14*u**2 + 17*u**3 - 4*u**2 + 6*u + 3*u**2 - 15. What is the hundreds digit of m(-16)?
1
Let g(a) = -a**3 - 11*a**2 + 5*a - 13. Let r be g(-13). Suppose -12*n + r = -268. Let o = n + 56. What is the hundreds digit of o?
1
Let q(t) be the third derivative of 11*t**5/60 - t**4/8 + t**3/2 - 2*t**2 - 2*t. What is the units digit of q(-2)?
3
Let x(j) = 19079*j - 22. What is the hundreds digit of x(1)?
0
Let l = 32 - 29. Suppose -156 = -d + 3*s, -l*s + 123 + 9 = d. Suppose 4*m - d = 116. What is the tens digit of m?
6
Let p = 40548 + -20927. What is the thousands digit of p?
9
Let n = -4479 - -9791. What is the hundreds digit of n?
3
Suppose -2*o + 11150 = -3*r, 0 = 2*o - 4*r + 6*r - 11150. What is the thousands digit of o?
5
Suppose 3*u - 25*k - 16922 = -27*k, -3*k = 3*u - 16923. What is the uni